uppose 0 = -l - 3*y + 177, 4*l = -5*y + 761 - 74. Suppose 2*j - l = -2*z, z - 60 = -j + 6*z. Suppose -5*q + 0*q = -j. What is the units digit of q?
6
Let b(s) = s**3 - 5*s**2 + 7*s + 11. What is the units digit of b(6)?
9
Let u(n) = 13*n**3 - 2*n + 2. What is the tens digit of u(1)?
1
Suppose 0 = -4*f - 3*g + 43, f = -4*f - 4*g + 53. What is the tens digit of f?
1
Let c = 8 + -5. Suppose 10 = 5*h, 0 = u + 2*h - c - 13. What is the tens digit of u?
1
Let i = -2 + 5. Let c(w) = w - 3. Let z be c(i). Suppose 36 + z = 3*l. What is the units digit of l?
2
Let k(g) = g**3 + 4*g**2 + g - 3. Let n be k(-4). Let w be (-1 - -1)*(-6 - n). What is the units digit of 7 - (w - (-1 - -2))?
8
Let c(k) = 2*k - 5 + 0*k + 2 - k**2 + 11. Let x be c(6). Let t = x - -31. What is the tens digit of t?
1
Let a = 30 - 7. What is the tens digit of a?
2
Let k(d) = 4*d - 2*d**2 + 3 + 3*d**2 - 5. What is the tens digit of k(-6)?
1
Let w = 6 + 1. Let k(s) = -s + 9. Let f be k(w). Suppose -2*r - v + 33 = 0, 4*r - r - 60 = f*v. What is the units digit of r?
8
Let f = 162 - 39. What is the hundreds digit of f?
1
Let z = 46 + -27. What is the units digit of z?
9
Let i = -1 - -3. Let b = -2 - -3. Let l = i - b. What is the units digit of l?
1
Let n(h) = 12*h**2 + 5*h + 7. What is the tens digit of n(-3)?
0
Let c = -21 - -23. Let x(u) = u**2 + 2*u - 2. Let w be x(-3). Suppose -5*o = 4*r + 9 - c, 0 = -2*o - r - w. What is the units digit of o?
1
Let p(o) = o + 28. What is the units digit of p(-15)?
3
What is the units digit of (7 + 0)*(-282)/(-21)?
4
Let h(g) = g + 2. Let u be 40/(-18) + (-8)/(-36). Let q be h(u). Suppose q = 4*w - 0*w - 24. What is the units digit of w?
6
Let x be (-6)/9 + 218/(-6). Let c = 64 + x. Let f = c + -16. What is the tens digit of f?
1
Suppose -3*k = -5*s - 448, 3*s = -k + 45 + 123. What is the units digit of k?
6
Let g = 38 - -12. Let r = -9 - -23. Suppose g - r = 4*z. What is the units digit of z?
9
Let i(o) = o**2 - 3. Let s be i(2). What is the tens digit of -1*(1 + (-14)/s)?
1
Let d be 3/12 - 3/12. Suppose -5*i - 65 = -2*w, 4*i = -2*w - d*i + 56. Suppose -t - t = -w. What is the tens digit of t?
1
Let m(f) = -f**3 - 6*f**2 - 23*f + 1. What is the units digit of m(-6)?
9
Let k(j) = -5*j - 2*j + 5*j - 4. Suppose 3*y - 2*d + 5 = 0, -2*d + 3*d + 17 = -5*y. What is the units digit of k(y)?
2
Suppose 4*p + 40 = 2*a + 8, 3*p = 3*a - 48. Let q be -1 - (-3)/(2 + 1). Suppose -v + a = -q*v. What is the units digit of v?
6
Let m = -4 - -7. Suppose 0 = -m*v + 4 + 20. What is the units digit of v?
8
What is the tens digit of (-23023)/(-92) + (-1)/4?
5
Let a = 103 - 60. What is the units digit of a?
3
Let q(o) = o**2 - 3*o + 1. Suppose -3*w + 4*l = 8, -3 = -2*w - 2*l + 3*l. What is the units digit of q(w)?
5
Suppose r + 11 = 2*j, j = -r - 1 - 1. Suppose j*u - 6 = -0. Suppose -3*p + 11 = 4*s, 5*p - u*s = -3*s + 24. What is the units digit of p?
5
Suppose -c = -4*c + m + 982, 0 = 5*c - 2*m - 1638. What is the tens digit of c?
2
What is the tens digit of (-3)/((-6)/122)*1?
6
Suppose 2*w + 12 = 4*w. Let u(x) = x - 2. What is the units digit of u(w)?
4
Let b = -3 - -6. Let y(k) = -b + 2 + 0*k - 2 + 2*k. What is the units digit of y(3)?
3
Let d(o) = -3*o**2 - 7*o + 7. Let r be d(4). Let y = -24 - r. What is the tens digit of y?
4
Let k be (1 - -2)/(6/(-16)). Let r = k + 13. Suppose r*o - g = 34, 3*g = 4*o - 0*g - 25. What is the units digit of o?
7
Suppose -y - l = -7, -3*y + l = -4*l + 3. Suppose 3*i + y*k - 122 = 0, -7 - 39 = -i + 4*k. What is the units digit of i?
2
Let h = -6 - -7. What is the units digit of h*(2 - 4 - -3)?
1
Suppose 0 = -4*j + 3*o + 34 + 43, -4*o - 96 = -5*j. What is the units digit of j?
0
Suppose 0 = 5*a - 3*u - 593, -5*a + 9*a + 4*u = 468. What is the hundreds digit of a?
1
Suppose -p - 2*p = -51. Suppose 5*i + p = 5*z - 13, -2*z = -i - 10. What is the units digit of (0 + -1 - i) + 1?
2
Let p = -3 + 10. Suppose 6*a = a - 30. Let d = p - a. What is the tens digit of d?
1
Let t(w) = -19*w**3 + 2*w**2 + 3 - 5 + 1. Let s be t(-1). Suppose s = 2*g + 2. What is the units digit of g?
9
Suppose 578 = 2*y + 164. What is the hundreds digit of y?
2
Suppose -11*l + 273 = -266. What is the tens digit of l?
4
Suppose -o - 2*o = -12. Suppose 0*l - o*l + 44 = 0. What is the tens digit of l?
1
What is the tens digit of (5 + -3 + -3)*-62?
6
Suppose 4*q = -4*n + 3*q - 20, 4*q = 3*n + 15. Let s = n - -8. Suppose 0*x - 4 = -x - 3*r, -8 = -s*x - 5*r. What is the units digit of x?
1
Suppose -6 = h + 16. Let a = h + 34. What is the tens digit of a?
1
Suppose -r - 1 = 2*i, 0*r + 12 = 3*i - 3*r. Suppose b - 2 - i = 0. What is the units digit of b?
3
Let b = -1 - -3. Let z(h) = 4*h**2 + h + 1 - 5*h**2 + 2*h**b. What is the units digit of z(3)?
3
Suppose 2*i + 12 = 6*i. Suppose i*m = -m. Suppose -8 = -m*a - 4*a. What is the units digit of a?
2
Suppose g + 4*q - 14 = -g, -3*g = -q. Suppose -17 = -t - 2*z - 2*z, 3*t - 4*z = -13. Let j = t + g. What is the units digit of j?
2
Let t be 0/(-1) + (-32)/(-1). Let o = t + -22. What is the units digit of (-1 + 2)/(2/o)?
5
Let l = -1 + 3. Let j be ((-4)/6)/((-2)/(-6)). What is the units digit of (0 + 4 + j)/l?
1
Let g = -5 - -9. Suppose -g*j - 20 = 0, j = 5*h - 4*j - 180. What is the units digit of h?
1
Suppose 2*l + 5*p + 6 = 4*p, 0 = 5*p. Let c be 2/(-3 + 1)*l. What is the units digit of c + -3 - (0 + -1)?
1
Let v be 5 - (-3 + 4)*2. Suppose 3*b + 2*d = 50, -b - 12 = -v*b + 4*d. What is the units digit of ((-24)/b)/((-7)/49)?
2
Suppose -4*t + 1 = -7. Suppose -t*n = -0*n + 5*i - 93, 2*i - 2 = 0. What is the tens digit of n?
4
Let q = 105 + 32. What is the tens digit of q?
3
Let k = 39 - -19. What is the units digit of k?
8
Let g be (1/(-2))/((-1)/10). Suppose g*h + 4*t + 1 = 0, -4*h + h + 1 = 2*t. What is the units digit of h?
3
Suppose 0*h = -3*h - 6. Let y = h + -2. Let d(q) = q**3 + 4*q**2 - 2*q - 4. What is the units digit of d(y)?
4
Let z be (8 - -7)*1/3. Suppose 0*l = 3*y - 2*l - 16, -z*y = -3*l - 25. What is the units digit of y?
2
Suppose -4*s = -3*z + 1, -3*s + 0*z = z + 17. What is the units digit of s/(8/6) + 7?
4
Let y(f) = f**3 + 11*f**2 + 7. Let d be y(-11). What is the tens digit of (9 - 6)*(d + 2)?
2
Suppose 11*x = 9*x - 40. Let m = 21 + x. What is the units digit of m?
1
Suppose u + 53 = 2*u - 3*c, -55 = -u + 2*c. What is the units digit of u?
9
Let t(h) = -6*h + 1. What is the units digit of t(-10)?
1
Let y(v) = -v**3 + 6*v**2 - 4. Let f be y(5). Let t be f - (-1 - (-1 + 0)). What is the units digit of 0 + (t/3 - 2)?
5
Suppose 0 = 4*v - 4*z - 204, 3*z = -3*v - z + 125. What is the tens digit of v?
4
Let v(h) = h**3 - 4*h**2 + h - 4. Let j be v(4). Suppose -1 = -d + 2. Suppose j = d*a - 5*a + 6. What is the units digit of a?
3
Suppose 3*g - 4*g + 4 = 0. Let c be 6/(-15)*(-1 - g). Let t = 6 - c. What is the units digit of t?
4
Let o(q) = -q**3 + 16*q**2 + 19*q - 1. What is the units digit of o(17)?
3
Let c = 30 - 21. Let f(m) = 3*m + 2. Let h be f(c). Let o = h + -18. What is the units digit of o?
1
Let r = -3 + 93. Suppose r = t + 4*t. What is the tens digit of t?
1
Suppose 4*r - p - 2 = -16, 2*r + 6 = p. Let o = r - -2. What is the units digit of -1*8*2/o?
8
Suppose 0 = 4*x - 3*x - 4. Let t = x - 3. What is the units digit of t/(2 + 45/(-24))?
8
Suppose 4*h - 5*j - 37 = 0, 0 = 4*j - 9 + 29. Suppose -16 = h*k - k. Let a = -2 - k. What is the units digit of a?
6
Let w be (8 - 0)*(-4)/(-8). Suppose 0 = w*u - 11 - 1. What is the units digit of 4 + (-3 - -3 - u)?
1
Let r be ((-2)/(-3))/(2/18). Suppose -3*u = n - r, 3*n + 4*u = -n + 16. Suppose -4*q = -n*q - 7. What is the units digit of q?
7
Let m = 1 - 1. Suppose 4*q + m*q = 32. What is the units digit of q?
8
Suppose -3*a - 26 = -5*a + 4*w, 3*a + 2*w = -1. Let g be a*1 - (-4)/(-2). What is the units digit of (-2)/g*10/(-4)?
5
Let i(p) be the third derivative of p**5/60 + p**3/3 + 2*p**2. Let q be i(-2). What is the units digit of (-2)/(-3*q/63)?
7
Let s be (-4)/2*(-3)/2. Suppose s*t = 16 + 17. What is the units digit of t?
1
Suppose -2*i + 36 = -6*i. Suppose -q - 24 = q. What is the units digit of i/6*q/9?
2
Let v be (-50)/(-18) - (-8)/36. Suppose -2*m - 3*c = -0*c - 119, -v = -c. Suppose j - 55 = -4*j + 5*q, 5*j + 2*q = m. What is the units digit of j?
1
Suppos